5, 89, 103
What are the prime factors of 1749377?
7, 249911
What are the prime factors of 962827?
421, 2287
What are the prime factors of 1205075?
5, 19, 43, 59
List the prime factors of 6658193.
6658193
List the prime factors of 18868470.
2, 3, 5, 17, 36997
What are the prime factors of 84218?
2, 17, 2477
What are the prime factors of 21464327?
401, 53527
List the prime factors of 13748321.
269, 51109
List the prime factors of 575463.
3, 7, 67, 409
What are the prime factors of 2245271?
7, 37, 8669
What are the prime factors of 2851544?
2, 356443
What are the prime factors of 9571372?
2, 541, 4423
List the prime factors of 36053.
31, 1163
What are the prime factors of 179324?
2, 127, 353
List the prime factors of 638599.
13, 49123
What are the prime factors of 137637?
3, 41, 373
What are the prime factors of 430173?
3, 47797
List the prime factors of 671961.
3, 43, 5209
What are the prime factors of 21096056?
2, 269, 9803
List the prime factors of 26438661.
3, 23, 337, 379
What are the prime factors of 314590?
2, 5, 163, 193
List the prime factors of 4183545.
3, 5, 278903
List the prime factors of 80409.
3, 7, 547
What are the prime factors of 138854?
2, 69427
List the prime factors of 34823373.
3, 13, 103, 8669
List the prime factors of 136613.
67, 2039
List the prime factors of 449231.
457, 983
List the prime factors of 470596.
2, 7
List the prime factors of 351986.
2, 175993
List the prime factors of 508564.
2, 7, 41, 443
What are the prime factors of 4223049?
3, 433, 3251
What are the prime factors of 11612549?
13, 97, 9209
List the prime factors of 5435292.
2, 3, 19, 31, 769
List the prime factors of 95301.
3, 10589
List the prime factors of 2664509.
421, 6329
List the prime factors of 9113345.
5, 1822669
What are the prime factors of 870815?
5, 11, 71, 223
List the prime factors of 1848006.
2, 3, 102667
What are the prime factors of 8010306?
2, 3, 148339
List the prime factors of 776926.
2, 37, 10499
List the prime factors of 101498.
2, 19, 2671
List the prime factors of 9295344.
2, 3, 21517
List the prime factors of 202709.
13, 31, 503
What are the prime factors of 592397?
13, 45569
What are the prime factors of 9826885?
5, 1965377
What are the prime factors of 692339?
53, 13063
What are the prime factors of 4738555?
5, 947711
What are the prime factors of 6526504?
2, 17, 37, 1297
List the prime factors of 197364.
2, 3, 16447
What are the prime factors of 168841?
109, 1549
List the prime factors of 172396.
2, 7, 47, 131
What are the prime factors of 24360051?
3, 227, 35771
List the prime factors of 778410.
2, 3, 5, 31
List the prime factors of 742195.
5, 148439
List the prime factors of 674145.
3, 5, 71, 211
List the prime factors of 761376.
2, 3, 7, 11, 103
What are the prime factors of 80012?
2, 83, 241
What are the prime factors of 271776?
2, 3, 19, 149
What are the prime factors of 422594?
2, 211297
List the prime factors of 11858749.
7, 769, 2203
What are the prime factors of 2735910?
2, 3, 5, 10133
What are the prime factors of 18385825?
5, 19, 38707
What are the prime factors of 27233288?
2, 23, 89, 1663
List the prime factors of 9479627.
9479627
What are the prime factors of 856690?
2, 5, 85669
List the prime factors of 9313405.
5, 89, 20929
What are the prime factors of 1613718?
2, 3, 37, 2423
What are the prime factors of 650714?
2, 223, 1459
What are the prime factors of 105299?
29, 3631
List the prime factors of 19108887.
3, 7, 941, 967
What are the prime factors of 6482831?
17, 381343
What are the prime factors of 219754?
2, 19, 5783
What are the prime factors of 261871?
307, 853
List the prime factors of 198179.
198179
List the prime factors of 24175.
5, 967
What are the prime factors of 5911?
23, 257
What are the prime factors of 420782?
2, 210391
What are the prime factors of 3478464?
2, 3, 11, 61
What are the prime factors of 86994?
2, 3, 179
List the prime factors of 7546.
2, 7, 11
List the prime factors of 40256692.
2, 7, 1437739
What are the prime factors of 17970452?
2, 23, 31, 6301
List the prime factors of 754490.
2, 5, 11, 19
What are the prime factors of 539233?
539233
What are the prime factors of 18951168?
2, 3, 31, 199
What are the prime factors of 1092359?
547, 1997
List the prime factors of 29777466.
2, 3, 4962911
What are the prime factors of 24400807?
19, 59, 21767
List the prime factors of 29149.
103, 283
What are the prime factors of 14135?
5, 11, 257
What are the prime factors of 687888?
2, 3, 17, 281
What are the prime factors of 117843?
3, 11, 3571
List the prime factors of 4361803.
29, 150407
List the prime factors of 18829.
19, 991
List the prime factors of 8984381.
7, 17, 103, 733
List the prime factors of 6490098.
2, 3, 31, 3877
What are the prime factors of 926732?
2, 191, 1213
What are the prime factors of 552051?
3, 61339
List the prime factors of 61369.
7, 11, 797
What are the prime factors of 2280876?
2, 3, 13, 14621
List the prime factors of 429241.
429241
List the prime factors of 543742.
2, 19, 41, 349
What are the prime factors of 471710?
2, 5, 43, 1097
List the prime factors of 2450355.
3, 5, 29, 43, 131
List the prime factors of 130330.
2, 5, 13033
List the prime factors of 52615.
5, 17, 619
List the prime factors of 866668.
2, 11, 19697
List the prime factors of 14445491.
19, 760289
What are the prime factors of 191261?
7, 89, 307
List the prime factors of 178600.
2, 5, 19, 47
List the prime factors of 49402.
2, 17, 1453
What are the prime factors of 441341?
109, 4049
What are the prime factors of 164278?
2, 82139
What are the prime factors of 9190216?
2, 7, 29, 5659
What are the prime factors of 973462?
2, 7, 31, 2243
What are the prime factors of 3288689?
463, 7103
What are the prime factors of 924475?
5, 36979
List the prime factors of 893532.
2, 3, 19, 3919
What are the prime factors of 8098995?
3, 5, 173, 3121
List the prime factors of 4690306.
2, 2345153
What are the prime factors of 2332169?
7, 317, 1051
List the prime factors of 304063.
304063
What are the prime factors of 11852919?
3, 13, 33769
List the prime factors of 13024390.
2, 5, 251, 5189
List the prime factors of 1849574.
2, 19, 48673
List the prime factors of 1597644.
2, 3, 4931
What are the prime factors of 2784718?
2, 797, 1747
List the prime factors of 2105959.
83, 25373
List the prime factors of 9701408.
2, 73, 4153
What are the prime factors of 321879?
3, 19, 5647
List the prime factors of 7139815.
5, 1427963
List the prime factors of 332321.
11, 30211
List the prime factors of 16691331.
3, 17, 293, 1117
List the prime factors of 608290.
2, 5, 59, 1031
What are the prime factors of 23007081?
3, 19, 37, 10909
What are the prime factors of 3713023?
1499, 2477
What are the prime factors of 8685124?
2, 7, 313, 991
What are the prime factors of 484053?
3, 47, 3433
What are the prime factors of 132770?
2, 5, 11, 17, 71
List the prime factors of 25787760.
2, 3, 5, 107449
What are the prime factors of 168927?
3, 11, 5119
List the prime factors of 1073171.
11, 97561
List the prime factors of 1530587.
53, 28879
List the prime factors of 339094.
2, 7, 53, 457
What are the prime factors of 798421?
13, 61417
List the prime factors of 565363.
23, 47, 523
What are the prime factors of 35925?
3, 5, 479
List the prime factors of 887906.
2, 443953
What are the prime factors of 1663231?
109, 15259
List the prime factors of 953757.
3, 7, 15139
What are the prime factors of 236415?
3, 5, 15761
What are the prime factors of 727558?
2, 13, 27983
List the prime factors of 79831.
97, 823
List the prime factors of 7956.
2, 3, 13, 17
List the prime factors of 6424771.
6424771
What are the prime factors of 8493486?
2, 3, 23, 61547
What are the prime factors of 117898?
2, 11, 23, 233
List the prime factors of 27417622.
2, 13708811
List the prime factors of 365899.
367, 997
What are the prime factors of 5594522?
2, 619, 4519
What are the prime factors of 8030095?
5, 1049, 1531
What are the prime factors of 13219230?
2, 3, 5, 440641
What are the prime factors of 3726345?
3, 5, 7, 23, 1543
What are the prime factors of 424312?
2, 7, 7577
What are the prime factors of 227402?
2, 7, 37, 439
List the prime factors of 81528.
2, 3, 43, 79
What are the prime factors of 11789037?
3, 13, 33587
List the prime factors of 60490.
2, 5, 23, 263
What 